e y(-7).
-2
Let o(d) = d - 4. Determine o(6).
2
Let w(k) = 16*k - 22. What is w(2)?
10
Let j(c) = -2*c**2 - 6*c - 7. What is j(-4)?
-15
Let b(x) = 30*x + 323. Calculate b(-11).
-7
Let t(h) = 20*h - 156. What is t(8)?
4
Let c(g) = 5*g**2 + 4. What is c(0)?
4
Let l(u) = -9*u - 45. Give l(-5).
0
Let l(g) = 2*g**2 - 5*g + 11. Determine l(4).
23
Let i(u) = -19*u - 125. What is i(-8)?
27
Let p(l) = l + 7. Calculate p(5).
12
Let f(n) = -8*n + 233. Determine f(28).
9
Let v(k) = k**2 + 7*k + 25. Give v(-8).
33
Let c(d) = 9*d - 54. Determine c(9).
27
Let v(x) = -x**3 - 10*x**2 - 12*x - 34. Calculate v(-9).
-7
Let m(b) = b**2 + 9*b + 9. Give m(-7).
-5
Let i(t) = -t - 3. Give i(-7).
4
Let q(z) = -3*z - 29. Calculate q(-10).
1
Let g(w) = 10*w**2 - w - 2. Calculate g(-1).
9
Let f(g) = -g**3 - 25*g**2 + 25*g - 14. Give f(-26).
12
Let l(x) = x**3 - 13*x**2 - 18*x - 18. Give l(14).
-74
Let p(t) = 2*t**2 - 32*t - 35. What is p(17)?
-1
Let n(b) = -b**3 - 7*b**2 - 3*b - 11. What is n(-7)?
10
Let r(l) = l + 7. Determine r(-16).
-9
Let o(r) = -3*r - 20. Determine o(-8).
4
Let d(j) = -10*j - 59. Give d(-8).
21
Let b(c) = 76*c**2 - 1. Determine b(1).
75
Let u(t) = -t**2 - t + 4. What is u(-2)?
2
Let u(q) = 20*q - 41. Give u(5).
59
Let v(c) = -c + 1. Calculate v(-2).
3
Let k(p) = 25*p**3 + 2*p**2 + 6*p + 2. Give k(-1).
-27
Let n(v) = v**3 - 20*v**2 + 16*v + 44. Determine n(19).
-13
Let a(o) = -o - 49. Determine a(0).
-49
Let a(s) = 2*s - 2. Determine a(2).
2
Let w(j) = j**3 - 2*j**2 - 3*j - 1. Determine w(3).
-1
Let c(m) = -m**2 - 6*m + 41. Give c(-10).
1
Let o(k) = -2*k + 15. Calculate o(-5).
25
Let y(v) = -6*v + 3. Determine y(3).
-15
Let c(o) = -o**3 - o**2 + o + 7. Give c(0).
7
Let d(j) = -2*j**3 - 73*j**2 + 38*j + 38. What is d(-37)?
1
Let k(s) = -s**3 + 2*s**2 + 4*s + 5. Calculate k(-2).
13
Let v(w) = 5*w**3 + 4*w**2 + 2*w. What is v(-1)?
-3
Let g(m) = m**3 - 5*m + 4. Determine g(3).
16
Let z(r) = -r**2 - 11*r - 62. Give z(-9).
-44
Let j(b) = 3*b - 15. Calculate j(6).
3
Let f(i) = 7*i + 55. What is f(-8)?
-1
Let c(u) = -u**3 - 2*u**2 + 4*u + 12. What is c(-4)?
28
Let x(h) = h**2 + 23*h + 52. Calculate x(-21).
10
Let r(g) = 9*g**2 + g. What is r(1)?
10
Let w(v) = v**3 + 17*v**2 - 21*v - 34. Determine w(-18).
20
Let k(m) = 6*m + 38. What is k(-8)?
-10
Let s(c) = 3*c**2 + 49*c + 15. Determine s(-16).
-1
Let b(g) = -g**3 - 32*g**2 - 134*g + 31. Give b(-27).
4
Let h(x) = 6*x. Determine h(-1).
-6
Let o(f) = 6*f - 79. What is o(14)?
5
Let b(q) = 90*q - 454. Calculate b(5).
-4
Let v(d) = -d**3 + 9*d**2 - 3*d - 9. Give v(8).
31
Let b(d) = -8*d - 5. What is b(-8)?
59
Let h(m) = m**3 + 5*m**2. Determine h(-4).
16
Let h(a) = a**2 + 5*a - 9. Give h(-5).
-9
Let v(w) = w**3 + 20*w**2 + 2*w + 41. Calculate v(-20).
1
Let g(p) = p**2 - 23*p + 115. Calculate g(7).
3
Let s(j) = -j**2 - 3*j - 6. Give s(-3).
-6
Let f(g) = g**3 + 27*g**2 - g - 34. Calculate f(-27).
-7
Let t(l) = l**2 + 11*l + 4. Calculate t(-5).
-26
Let d(y) = y**3 + 10*y**2 + 12*y + 61. Determine d(-9).
34
Let k(d) = 13*d + 24. What is k(-6)?
-54
Let j(x) = -27*x - 204. Give j(-6).
-42
Let n(m) = -5*m**2 - 42*m + 13. Calculate n(-9).
-14
Let q(u) = -u**3 + 9*u**2 + 2*u + 86. Calculate q(10).
6
Let b(w) = 2*w**2 + 95*w + 135. Determine b(-46).
-3
Let u(o) = 52*o**2 - 4*o - 1. Determine u(-1).
55
Let h(o) = -3*o - 21. Calculate h(-5).
-6
Let d(x) = 38*x + 8. Determine d(-1).
-30
Let h(t) = 24*t**3 + t**2 + t. Calculate h(-1).
-24
Let k(i) = 2*i**3 + 42*i**2 + 38*i - 34. Determine k(-20).
6
Let g(n) = -n**3 + 5*n**2 - 3*n + 1. What is g(4)?
5
Let g(j) = 2*j**3 - 2*j**2 - 3*j + 4. Calculate g(2).
6
Let s(h) = -2*h**2 + 2*h + 68. Determine s(-6).
-16
Let i(h) = -h**3 - 6*h**2 - 6*h - 16. What is i(-7)?
75
Let r(y) = y**3 - 5*y**2 + y + 9. Determine r(4).
-3
Let f(b) = -b**3 - 8*b**2 - 5*b + 2. What is f(-7)?
-12
Let p(n) = 4*n**3 - 19*n**2 - 12*n + 33. Calculate p(5).
-2
Let i(d) = 3*d**2 + 29*d - 47. What is i(-11)?
-3
Let g(k) = 3*k + 88. Determine g(-30).
-2
Let k(d) = 46*d - 823. What is k(18)?
5
Let c(w) = 2*w**3 + 3*w**2 - 3*w - 9. Determine c(-2).
-7
Let k(l) = -5*l - 26. Calculate k(-9).
19
Let q(l) = -l**3 + 14*l**2 + 12*l + 43. Give q(15).
-2
Let c(m) = -2*m + 29. Give c(7).
15
Let z(i) = 10*i**2 + 2*i - 2. Determine z(2).
42
Let b(s) = -s**2 + 13*s - 9. Determine b(12).
3
Let d(f) = f**3 - 5*f**2 + f + 4. Determine d(4).
-8
Let f(j) = -7*j + 130. Calculate f(20).
-10
Let t(s) = s**3 - 10*s**2 - 6*s + 6. Calculate t(10).
-54
Let s(f) = f**3 + 9*f**2 - 8*f - 23. Determine s(-10).
-43
Let q(z) = z**2 - 25*z + 96. Determine q(19).
-18
Let d(n) = -n + 5. What is d(-6)?
11
Let g(c) = 6*c + 5. Give g(-4).
-19
Let v(z) = 12*z + 1. Give v(-1).
-11
Let p(w) = -3*w**2 - 34*w - 1. What is p(-11)?
10
Let j(i) = i**2 + 3*i + 4. Determine j(-3).
4
Let h(b) = 5*b + 28. Calculate h(-5).
3
Let s(v) = v**3 - 13*v**2 - 14*v + 9. What is s(14)?
9
Let p(y) = -y**3 - 14*y**2 - 13*y - 3. What is p(-13)?
-3
Let p(j) = 2*j**2 - 5*j + 7. Calculate p(-4).
59
Let k(j) = j + 12. What is k(-5)?
7
Let l(h) = -h**2 + 7*h + 9. Determine l(8).
1
Let f(y) = y**2 - 2. Determine f(-3).
7
Let o(g) = 5*g - 28. Calculate o(3).
-13
Let w(z) = -z - 26. Give w(-22).
-4
Let n(s) = -s**3 - 8*s**2 - 7*s - 3. Calculate n(-7).
-3
Let d(b) = b**3 - b**2 - 2*b + 3. Give d(-3).
-27
Let c(h) = -h - 4. Give c(-4).
0
Let q(y) = -y - 5. Calculate q(-6).
1
Let n(x) = -4*x + 10. What is n(5)?
-10
Let o(i) = -i**3 - 5*i**2 + 7*i + 5. Calculate o(-6).
-1
Let r(b) = -b**2 + 18*b - 43. Give r(15).
2
Let t(i) = -i**2 + 2*i + 17. What is t(-4)?
-7
Let n(g) = -4*g + 12. What is n(4)?
-4
Let t(l) = -l**2 - 6*l. What is t(-7)?
-7
Let k(p) = p**2 + 14*p + 8. Calculate k(-6).
-40
Let s(u) = -5*u**2 + 4*u + 9. Determine s(-4).
-87
Let y(p) = p**2 + 7*p + 5. What is y(-6)?
-1
Let g(i) = i**2 - i - 27. Calculate g(-6).
15
Let f(c) = -c**2 - 3*c + 11. Give f(-6).
-7
Let q(r) = 13*r**2 + r. Calculate q(-1).
12
Let u(l) = -41*l - 280. Determine u(-7).
7
Let m(r) = 39*r - 31. Determine m(1).
8
Let v(x) = -2*x**2 - 4*x + 59. Give v(-9).
-67
Let n(m) = -m**3 + 5*m**2 - 3*m + 3. What is n(4)?
7
Let m(v) = 12*v**2 - 4*v + 2. What is m(1)?
10
Let v(g) = g**2 - 4*g - 7. What is v(-4)?
25
Let u(c) = -3*c**3 - 3*c**2 + c + 3. Give u(-2).
13
Let p(t) = -2*t**2 + 12*t - 12. Give p(6).
-12
Let j(t) = -8*t - 3. Determine j(-4).
29
Let n(c) = -c**2 - c - 8. Calculate n(-3).
-14
Let c(g) = -g + 17. Calculate c(7).
10
Let p(a) = -a**2 - 20*a - 75. Give p(-7).
16
Let b(j) = j**2 - 14*j - 4. Determine b(13).
-17
Let q(p) = p**3 + 5*p**2 - 5*p - 1. Determine q(-5).
24
Let q(a) = 4*a - 6. Give q(4).
10
Let d(n) = -n**3 + 2*n - 19. Give d(0).
-19
Let b(i) = i**2 - 9*i + 6. What is b(9)?
6
Let c(z) = -14*z**3 - 5*z**2 + z + 1. Calculate c(1).
-17
Let w(j) = j**2 - 18*j - 48. What is w(20)?
-8
Let i(m) = -2*m**2 - 27*m + 29. Determine i(-15).
-16
Let r(g) = -3*g + 31. Determine r(12).
-5
Let t(n) = -2*n - 5. Calculate t(1).
-7
Let i(j) = -2*j**2 + 9*j + 10. Give i(-3).
-35
Let b(s) = 4*s**2 + 6*s. Determine b(-3).
18
Let o(v) = -v**2 - 2*v - 3. Determine o(-6).
-27
Let j(m) = m**3 - 9*m**2 - 13*m + 2. Calculate j(10).
-28
Let n(h) = h**2 - 9*h. Determine n(9).
0
Let i(s) = s**3 + 11*s**2 + 5*s + 14. Calculate i(-10).
64
Let m(x) = x**2 + 3*x - 12. What is m(11)?
142
Let l(q) = -q**3 + 10*q**2 + 11*q - 1. Give l(11).
-1
Let i(z) = z**2 - 26*z + 11. Calculate i(20).
-109
Let f(y) = 5*y + 37. Give f(-5).
12
Let n(o) = o**3 + 7*o**2 - 43*o + 5. Give n(-11).
-6
Let k(c) = c**2 - 4*c - 60. Determine k(-6).
0
Let c(p) = 24*p - 1. Determine c(-1).
-25
Let s(n) = n**2 - 5*n + 1. Calculate s(4).
-3
Let f(b) = b**2 + 7*b - 9. Give f(-6).
-15
Let u(c) = -c**3 - 6*c**2 + 4*c + 7. Give u(-6).
-17
Let q(x) = -x**3 - 21*x**2 - 14*x + 28. Determine q(-20).
-92
Let b(y) = -3*y**2 + 31*y - 19. Determine b(13).
-123
Let z(t) = t**2 - 2*t + 10. What is z(7)?
45
Let i(h) = -5*h**2 - 16*h + 5. What is i(-4)?
-11
Let y(a) = 6*a**3 - a**2 - 18*a - 17. Calculate y(-1).
-6
Let g(t) = -11*t + 2. Give g(0).
2
Let h(l) = -l**3 - 16*l**2 + 18*l + 41. Calculate h(-17).
24
Let t(f) = 17*f. What is t(0)?
0
Let i(h) = -h**2 - 3*h + 5. Give i(-7).
-23
Let a(g) = g**2 + 10*g - 8. Give a(-9).
-17
Let t(g) = 5*g**2 - 8*g - 9. What is t(-1)?